ne x(-10).
-35
Let m(u) = -u**2 + 55*u - 157. What is m(3)?
-1
Let o(y) = -4*y**3 - 5*y**2 - 58*y - 52. Determine o(-1).
5
Let n(v) = -v**3 - v**2 - 356*v - 716. Determine n(-2).
0
Let g(a) = -2*a**2 - 1030*a + 20313. Give g(19).
21
Let x(n) = -2559*n - 10224. Calculate x(-4).
12
Let p(k) = k**2 - 608*k + 8880. Give p(15).
-15
Let w(j) = j**2 - 60*j - 394. Determine w(66).
2
Let z(j) = -j**3 + 12*j**2 + 91*j + 3. Give z(17).
105
Let x(d) = 82*d + 5. Determine x(-4).
-323
Let c(p) = 3*p**2 - 109*p - 55. What is c(37)?
19
Let m(p) = 3*p**3 + 18*p**2 + 91*p + 506. Determine m(-6).
-40
Let t(w) = -w**2 - 157*w - 4767. Give t(-42).
63
Let s(n) = 30*n + 93. Calculate s(-4).
-27
Let t(w) = w**3 - 58*w**2 + 63*w - 118. Calculate t(57).
224
Let r(b) = b**2 + 58*b - 1255. What is r(17)?
20
Let l(u) = -28*u - 875. Determine l(-30).
-35
Let y(g) = -g**3 + 41*g**2 - 252*g - 1148. Determine y(32).
4
Let u(c) = -3*c**3 - 19*c**2 + 42*c - 20. Give u(-7).
-216
Let b(q) = -q**3 - 10*q**2 + 30*q - 22. Calculate b(0).
-22
Let t(z) = -22*z**2 - 2*z + 1. What is t(-1)?
-19
Let o(c) = 117*c - 208. Determine o(2).
26
Let d(s) = 26*s + 148. Calculate d(-7).
-34
Let p(b) = -b**3 + 5*b**2 + 175*b + 62. Determine p(16).
46
Let r(u) = 57*u + 1107. Determine r(-18).
81
Let i(d) = 20*d + 667. Calculate i(-33).
7
Let m(v) = -177*v**3 - 7*v**2 - 5*v + 1. What is m(-1)?
176
Let y(x) = x**3 - 34*x**2 - x + 26. Give y(34).
-8
Let f(l) = l**3 + 13*l**2 + 27*l + 34. Give f(-11).
-21
Let d(z) = -8*z**2 - 92*z + 194. What is d(2)?
-22
Let u(l) = -143*l - 711. Determine u(-5).
4
Let d(t) = 2*t**3 - 22*t**2 - 37*t + 157. Calculate d(12).
1
Let n(d) = -d**3 + 140*d**2 + 173*d - 4516. Determine n(141).
-4
Let q(r) = 111*r - 171. Give q(3).
162
Let d(v) = 226*v**2 - 6*v + 5. Determine d(1).
225
Let l(z) = 2*z**2 - 37*z - 3575. Calculate l(-34).
-5
Let v(l) = l**3 - 8*l**2 - 609*l. Give v(29).
0
Let y(b) = 10071*b + 60430. What is y(-6)?
4
Let b(s) = s**2 - 10*s - 53. What is b(18)?
91
Let h(f) = f**3 + 15*f**2 + 16*f + 33. Calculate h(-15).
-207
Let d(z) = -z**2 + 8431*z + 84413. Determine d(-10).
3
Let u(k) = 27*k - 21. Determine u(1).
6
Let r(m) = 4296*m - 227685. Give r(53).
3
Let w(p) = -30*p - 576. Calculate w(-19).
-6
Let q(m) = -36*m + 695. Determine q(24).
-169
Let d(i) = -3*i**3 - 72*i**2 - 70*i - 16. Give d(-23).
7
Let q(s) = s**2 - 14*s - 19. Give q(0).
-19
Let x(v) = 35*v + 4678. Calculate x(-134).
-12
Let h(o) = 8*o - 223. What is h(28)?
1
Let z(p) = 2*p**2 + 28*p - 294. What is z(-21)?
0
Let v(p) = 9*p + 108. Determine v(-10).
18
Let q(t) = 119*t + 2057. Calculate q(-17).
34
Let q(s) = -s**3 - 15*s**2 - 29*s + 6. Calculate q(-13).
45
Let b(l) = 527*l + 5262. What is b(-10)?
-8
Let y(j) = 10*j - 495. Give y(50).
5
Let z(s) = -31*s - 725. What is z(-23)?
-12
Let x(i) = -2*i**3 + 6*i**2 + 25*i - 67. Determine x(3).
8
Let y(x) = -25*x - 433. Determine y(-17).
-8
Let y(j) = 2*j**2 + 820*j - 34057. What is y(38)?
-9
Let o(b) = b**3 + 47*b**2 + 463*b + 4. What is o(-33)?
-29
Let x(l) = 2*l**3 - 263*l**2 + 131*l + 12. Give x(131).
12
Let a(k) = 3*k**3 - 24*k**2 + 16*k - 54. Calculate a(8).
74
Let u(l) = 1314*l - 6537. What is u(5)?
33
Let j(x) = -23*x + 9. Calculate j(13).
-290
Let t(k) = -41*k - 944. What is t(-23)?
-1
Let b(t) = -13*t**3 - 16*t**2 + 34*t + 6. What is b(2)?
-94
Let q(h) = 188*h**2 + 7895*h - 52. What is q(-42)?
-10
Let k(c) = c**2 + 3341*c - 36879. Determine k(11).
-7
Let p(o) = -o**3 - 6*o**2 - 3*o - 4. What is p(-4)?
-24
Let j(h) = -h**3 + 55*h**2 - 733*h - 101. What is j(32)?
-5
Let n(i) = -i**2 + 360*i - 2129. Give n(6).
-5
Let j(v) = -4*v**2 - 107*v - 17. Determine j(0).
-17
Let f(h) = h**3 - 25*h**2 + 25*h + 3. Calculate f(24).
27
Let f(k) = k**3 - 41*k**2 - 3*k + 131. Calculate f(41).
8
Let h(l) = l**2 + 80*l - 6029. Calculate h(47).
-60
Let s(a) = -a**3 + 85*a**2 - 245*a - 60. What is s(82)?
22
Let p(r) = -5*r**2 + 13*r + 76. Calculate p(-9).
-446
Let k(p) = -11*p**2 + 330*p + 103. What is k(30)?
103
Let z(l) = -2*l**2 + 1203*l - 9501. Calculate z(8).
-5
Let h(j) = -64*j - 352. Give h(-5).
-32
Let i(n) = n**2 - 41*n - 193. Give i(44).
-61
Let d(w) = -2*w**3 + 45*w**2 - 19*w - 89. Give d(22).
-23
Let o(d) = 3*d + 210. What is o(-76)?
-18
Let z(u) = 4110*u - 24686. Give z(6).
-26
Let d(b) = -3*b**2 + 233*b + 2130. What is d(86)?
-20
Let u(n) = -n**3 + 11*n**2 - 16*n + 169. Determine u(11).
-7
Let q(l) = -l**3 + 22*l**2 - 67*l + 13. Give q(18).
103
Let i(v) = -v**2 - 104*v - 913. Give i(0).
-913
Let o(w) = -323*w**2 - 379*w + 1. Give o(-1).
57
Let u(f) = f**3 - 22*f**2 + 59*f - 22. Give u(19).
16
Let t(p) = p**2 - 31*p + 140. Calculate t(30).
110
Let h(t) = -339*t + 12891. Determine h(38).
9
Let t(z) = -z**2 + 38*z + 159. Give t(42).
-9
Let k(j) = -7*j - 43. What is k(4)?
-71
Let i(a) = 2*a**2 + 48*a - 479. Give i(9).
115
Let t(h) = h**3 + 10*h**2 + 8*h - 95. Give t(-7).
-4
Let s(o) = -o**3 + 16*o**2 + 2*o - 22. Give s(16).
10
Let v(k) = -k**3 - 235*k**2 - 474*k - 16. Give v(-2).
0
Let s(w) = -550*w - 549. Determine s(-1).
1
Let n(s) = 28*s - 21. What is n(-1)?
-49
Let i(v) = 2*v + 57. Calculate i(-26).
5
Let r(l) = -2*l**3 - 40*l**2 - 27*l + 208. Calculate r(-19).
-1
Let k(g) = -85*g - 245. What is k(-3)?
10
Let r(z) = z - 6. Calculate r(-10).
-16
Let h(z) = -4941*z + 29646. What is h(6)?
0
Let g(o) = o**3 + 13*o**2 - 17*o - 61. What is g(-6)?
293
Let x(b) = 18*b**2 - 68*b - 15. What is x(4)?
1
Let s(l) = l**3 - 13*l**2 - 6*l + 62. Determine s(13).
-16
Let a(x) = 114*x**3 + 29*x + 28. Calculate a(-1).
-115
Let j(b) = 45*b**2 + 5713*b - 226. Calculate j(-127).
28
Let m(v) = -444*v - 7140. Determine m(-16).
-36
Let n(r) = 4*r**3 + 9*r**2 + r + 11. What is n(0)?
11
Let l(u) = 2*u**3 + 33*u**2 + 24*u - 331. Calculate l(-15).
-16
Let q(d) = 4*d**2 + 31*d + 23. Determine q(-8).
31
Let v(x) = -2*x**3 - 15*x**2 + 10*x + 29. What is v(-7)?
-90
Let o(t) = -6*t**2 - 418*t + 3395. Determine o(-77).
7
Let g(p) = -2*p**3 + p**2 + 8*p + 69. Calculate g(0).
69
Let t(s) = -s**3 - 44*s**2 + 150*s + 425. Give t(-47).
2
Let y(d) = -25*d**3 + 148*d**2 - 5*d - 13. Give y(6).
-115
Let z(a) = -2*a**3 + 20*a**2 - a - 5. Determine z(10).
-15
Let x(z) = -51*z**2 - 10*z - 4. Determine x(-1).
-45
Let q(f) = -3*f**3 + 211*f**2 - 68*f - 142. Give q(70).
-2
Let h(o) = -o**2 + 23*o + 168. Determine h(-6).
-6
Let k(u) = 4687*u - 18746. Determine k(4).
2
Let j(h) = -5*h**2 - 11*h - 2. Determine j(3).
-80
Let a(u) = 16*u + 9. What is a(0)?
9
Let j(c) = c**3 + 9*c**2 - 267*c - 1927. Determine j(-7).
40
Let m(w) = -2*w**2 + 142*w - 275. Give m(2).
1
Let v(l) = 6*l**2 + 2*l + 97. What is v(0)?
97
Let l(s) = s**3 + 11*s**2 - 2*s + 14. What is l(-5)?
174
Let d(j) = -j**2 + 30*j + 311. Calculate d(32).
247
Let j(r) = 172*r + 94. Determine j(-3).
-422
Let d(f) = -2*f**2 - 24*f - 30. Calculate d(-14).
-86
Let v(b) = b**2 + 34*b + 193. Determine v(-7).
4
Let u(z) = z**3 - 15*z**2 - 4*z + 277. Give u(14).
25
Let z(p) = 1620*p - 32412. Calculate z(20).
-12
Let q(w) = 35*w - 232. What is q(6)?
-22
Let d(q) = q**3 + 25*q**2 + 56. Give d(-25).
56
Let a(u) = u**2 + 19*u + 157. What is a(-8)?
69
Let n(s) = s**3 + 7*s**2 - 4*s + 119. What is n(-9)?
-7
Let t(d) = -d**3 + 22*d**2 + 68*d - 6. What is t(25)?
-181
Let v(k) = -478*k - 20104. Give v(-42).
-28
Let n(i) = -36*i**2 + 216*i - 24. What is n(6)?
-24
Let x(z) = -z**2 - 55*z + 211. What is x(-59)?
-25
Let z(c) = -152*c - 73. Determine z(2).
-377
Let y(a) = 30*a + 1199. Calculate y(-40).
-1
Let h(u) = -2*u**3 - 3*u**2 + 13*u - 12. Determine h(1).
-4
Let c(o) = 21*o + 782. What is c(-37)?
5
Let t(u) = u**3 + 57*u**2 + 513*u + 89. Calculate t(-11).
12
Let r(u) = -u**2 + 12*u - 39. What is r(6)?
-3
Let u(j) = j**3 - 4*j**2 + 26*j - 126. Give u(5).
29
Let u(k) = -2*k**3 - 9*k**2 - 20. What is u(-6)?
88
Let a(c) = 72*c - 320. Calculate a(4).
-32
Let u(a) = -a**3 - 20*a**2 + 21*a - 498. Calculate u(-22).
8
Let d(j) = j**3 + 29*j**2 + 120*j - 14. Give d(-24).
-14
Let g(r) = -5*r**2 + 72*r + 218. Determine g(17).
-3
Let q(i) = -4*i**2 - 173*i + 5063. Calculate q(20).
3
Let u(z) = 42*z - 378. Give u(9).
0
Let s(t) = -521*t**2 + 48*t + 48. Calculate s(-1).
-521
Let y(r) = 15*r - 66. Determine y(9).
69
Let f(v) = 28*v**3 - v**2 - 5*v - 5. Give f(-1).
-29
Let p(x) =